{"id":314,"date":"2015-12-16T12:04:28","date_gmt":"2015-12-16T12:04:28","guid":{"rendered":"http:\/\/ingelyt.com\/cat\/?page_id=314"},"modified":"2020-02-04T12:29:32","modified_gmt":"2020-02-04T12:29:32","slug":"contacte","status":"publish","type":"page","link":"http:\/\/ingelyt.com\/cat\/contacte\/","title":{"rendered":"Contacte"},"content":{"rendered":"<p>En INGELYT estem encantats de rebre qualsevol consulta o comentari, per la qual cosa si ho desitja pot posar-se en contacte amb nosaltres omplint el seg\u00fcent formulari.<\/p>\n\n<div class=\"wpcf7 no-js\" id=\"wpcf7-f713-o1\" lang=\"ca\" dir=\"ltr\" data-wpcf7-id=\"713\">\n<div class=\"screen-reader-response\"><p role=\"status\" aria-live=\"polite\" aria-atomic=\"true\"><\/p> <ul><\/ul><\/div>\n<form action=\"\/cat\/wp-json\/wp\/v2\/pages\/314#wpcf7-f713-o1\" method=\"post\" class=\"wpcf7-form init mailchimp-ext-0.5.72\" aria-label=\"Contact form\" novalidate=\"novalidate\" data-status=\"init\">\n<div style=\"display: none;\">\n<input type=\"hidden\" name=\"_wpcf7\" value=\"713\" \/>\n<input type=\"hidden\" name=\"_wpcf7_version\" value=\"6.0.1\" \/>\n<input type=\"hidden\" name=\"_wpcf7_locale\" value=\"ca\" \/>\n<input type=\"hidden\" name=\"_wpcf7_unit_tag\" value=\"wpcf7-f713-o1\" \/>\n<input type=\"hidden\" name=\"_wpcf7_container_post\" value=\"0\" \/>\n<input type=\"hidden\" name=\"_wpcf7_posted_data_hash\" value=\"\" \/>\n<input type=\"hidden\" name=\"_wpcf7_recaptcha_response\" value=\"\" \/>\n<\/div>\n<div class=\"zoho-es zoho\">\n\t<p><span class=\"wpcf7-form-control-wrap\" data-name=\"your-name\"><input size=\"40\" maxlength=\"400\" class=\"wpcf7-form-control wpcf7-text wpcf7-validates-as-required\" aria-required=\"true\" aria-invalid=\"false\" placeholder=\"Nom *\" value=\"\" type=\"text\" name=\"your-name\" \/><\/span>\n\t<\/p>\n\t<p><span class=\"wpcf7-form-control-wrap\" data-name=\"your-lastname\"><input size=\"40\" maxlength=\"400\" class=\"wpcf7-form-control wpcf7-text wpcf7-validates-as-required\" aria-required=\"true\" aria-invalid=\"false\" placeholder=\"Cognoms *\" value=\"\" type=\"text\" name=\"your-lastname\" \/><\/span>\n\t<\/p>\n\t<p><span class=\"wpcf7-form-control-wrap\" data-name=\"your-email\"><input size=\"40\" maxlength=\"400\" class=\"wpcf7-form-control wpcf7-email wpcf7-validates-as-required wpcf7-text wpcf7-validates-as-email\" aria-required=\"true\" aria-invalid=\"false\" placeholder=\"Correu electr\u00f2nic *\" value=\"\" type=\"email\" name=\"your-email\" \/><\/span>\n\t<\/p>\n\t<p><span class=\"wpcf7-form-control-wrap\" data-name=\"your-tel\"><input size=\"40\" maxlength=\"400\" class=\"wpcf7-form-control wpcf7-tel wpcf7-validates-as-required wpcf7-text wpcf7-validates-as-tel\" aria-required=\"true\" aria-invalid=\"false\" placeholder=\"Tel\u00e8fon *\" value=\"\" type=\"tel\" name=\"your-tel\" \/><\/span>\n\t<\/p>\n\t<p><span class=\"wpcf7-form-control-wrap\" data-name=\"your-company\"><input size=\"40\" maxlength=\"400\" class=\"wpcf7-form-control wpcf7-text wpcf7-validates-as-required\" aria-required=\"true\" aria-invalid=\"false\" placeholder=\"Empresa *\" value=\"\" type=\"text\" name=\"your-company\" \/><\/span>\n\t<\/p>\n\t<p><span class=\"wpcf7-form-control-wrap\" data-name=\"your-message\"><textarea cols=\"40\" rows=\"10\" maxlength=\"2000\" class=\"wpcf7-form-control wpcf7-textarea wpcf7-validates-as-required\" aria-required=\"true\" aria-invalid=\"false\" placeholder=\"Missatge *\" name=\"your-message\"><\/textarea><\/span>\n\t<\/p>\n\t<p class=\"acept\" style=\"width: 100%;\"><span class=\"wpcf7-form-control-wrap\" data-name=\"your-acepto\"><span class=\"wpcf7-form-control wpcf7-checkbox wpcf7-validates-as-required\"><span class=\"wpcf7-list-item first last\"><input type=\"checkbox\" name=\"your-acepto[]\" value=\"acepto\" \/><span class=\"wpcf7-list-item-label\">acepto<\/span><\/span><\/span><\/span> He llegit i accepto la <a href=\"http:\/\/ingelyt.com\/cat\/politica-de-privacitat\" target=\"_blank\">pol\u00edtica de privacitat<\/a>.\n\t<\/p>\n\t<p class=\"acept\"><span class=\"wpcf7-form-control-wrap\" data-name=\"quiero-notificaciones\"><span class=\"wpcf7-form-control wpcf7-checkbox\" id=\"quiero-notificaciones\"><span class=\"wpcf7-list-item first last\"><input type=\"checkbox\" name=\"quiero-notificaciones[]\" value=\"Si\" \/><span class=\"wpcf7-list-item-label\">Si<\/span><\/span><\/span><\/span> Vull rebre notificacions electr\u00f2niques sobre productes i \/ o serveis.\n\t<\/p>\n\t<p style=\"display:none\"><span class=\"wpcf7-form-control-wrap\" data-name=\"quiero-notificaciones-invert\"><span class=\"wpcf7-form-control wpcf7-checkbox\" id=\"quiero-notificaciones-invert\"><span class=\"wpcf7-list-item first last\"><input type=\"checkbox\" name=\"quiero-notificaciones-invert[]\" value=\"Si\" checked=\"checked\" \/><span class=\"wpcf7-list-item-label\">Si<\/span><\/span><\/span><\/span> No Vull rebre notificacions electr\u00f2niques sobre productes i \/ o serveis.\n\t<\/p>\n\t<p><input type=\"hidden\" name=\"your-url\" value=\"http:\/\/ingelyt.com\/cat\/wp-json\/wp\/v2\/pages\/314\" \/><br \/>\n\t<input class=\"wpcf7-form-control wpcf7-hidden\" value=\"Catal\u00e1n\" type=\"hidden\" name=\"your-idioma\" \/><br \/>\n\t<input class=\"wpcf7-form-control wpcf7-hidden\" value=\"No contactado\" type=\"hidden\" name=\"your-estado\" \/><br \/>\n\t<input class=\"wpcf7-form-control wpcf7-hidden\" value=\"Web\" type=\"hidden\" name=\"your-fuente\" \/>\n\t<\/p>\n\t<p><input class=\"wpcf7-form-control wpcf7-submit has-spinner\" type=\"submit\" value=\"Enviar\" \/>\n\t<\/p>\n<\/div>\n<p><script type=\"text\/javascript\"> \n$(document).ready(function() {\n $('#quiero-notificaciones-invert input').prop('checked', !$(this).is(':checked'));\n $('#quiero-notificaciones input').change(function() {\n $('#quiero-notificaciones-invert input').prop('checked', !$(this).is(':checked'));\n });\n $('#quiero-notificaciones input').click(function() {\n $('#quiero-notificaciones-invert input').val(!$(this).is(':checked'));\n });\n});\n<\/script>\n<\/p><div class=\"wpcf7-response-output\" aria-hidden=\"true\"><\/div><p style=\"display: none !important\"><span class=\"wpcf7-form-control-wrap referer-page\"><input type=\"hidden\" name=\"referer-page\" value=\"http:\/\/Direct%20Visit\" data-value=\"http:\/\/Direct%20Visit\" class=\"wpcf7-form-control wpcf7-text referer-page\" aria-invalid=\"false\"><\/span><\/p>\n<!-- Chimpmatic extension by Renzo Johnson -->\n<\/form>\n<\/div>\n\n","protected":false},"excerpt":{"rendered":"<p>En INGELYT estem encantats de rebre qualsevol consulta o comentari, per la qual cosa si ho desitja pot posar-se en contacte amb nosaltres omplint el seg\u00fcent formulari.<\/p>\n","protected":false},"author":1,"featured_media":0,"parent":0,"menu_order":0,"comment_status":"closed","ping_status":"closed","template":"contact-page.php","meta":{"footnotes":""},"class_list":["post-314","page","type-page","status-publish","hentry"],"yoast_head":"<!-- This site is optimized with the Yoast SEO plugin v24.0 - https:\/\/yoast.com\/wordpress\/plugins\/seo\/ -->\n<title>Contacte - Enginyeria de sales blanques - Enginyeria de sales blanques - Consultoria Farmac\u00e8utica - Ingelyt<\/title>\n<meta name=\"description\" content=\"Ingelyt el formem professionals amb una gran qualificaci\u00f3 i experi\u00e8ncia en Contacte per a la enginyeria e instal\u00b7laci\u00f3 de sales blanques i consultoria farmac\u00e8utica\" \/>\n<meta name=\"robots\" content=\"index, follow, max-snippet:-1, max-image-preview:large, max-video-preview:-1\" \/>\n<link rel=\"canonical\" href=\"http:\/\/ingelyt.com\/cat\/contacte\/\" \/>\n<meta property=\"og:locale\" content=\"ca_ES\" \/>\n<meta property=\"og:type\" content=\"article\" \/>\n<meta property=\"og:title\" content=\"Contacte - Enginyeria de sales blanques - Enginyeria de sales blanques - Consultoria Farmac\u00e8utica - Ingelyt\" \/>\n<meta property=\"og:description\" content=\"Ingelyt el formem professionals amb una gran qualificaci\u00f3 i experi\u00e8ncia en Contacte per a la enginyeria e instal\u00b7laci\u00f3 de sales blanques i consultoria farmac\u00e8utica\" \/>\n<meta property=\"og:url\" content=\"http:\/\/ingelyt.com\/cat\/contacte\/\" \/>\n<meta property=\"og:site_name\" content=\"Enginyeria de sales blanques - Consultoria Farmac\u00e8utica - Ingelyt\" \/>\n<meta property=\"article:modified_time\" content=\"2020-02-04T12:29:32+00:00\" \/>\n<meta name=\"twitter:card\" content=\"summary_large_image\" \/>\n<script type=\"application\/ld+json\" class=\"yoast-schema-graph\">{\"@context\":\"https:\/\/schema.org\",\"@graph\":[{\"@type\":\"WebPage\",\"@id\":\"http:\/\/ingelyt.com\/cat\/contacte\/\",\"url\":\"http:\/\/ingelyt.com\/cat\/contacte\/\",\"name\":\"Contacte - Enginyeria de sales blanques - Enginyeria de sales blanques - Consultoria Farmac\u00e8utica - Ingelyt\",\"isPartOf\":{\"@id\":\"https:\/\/ingelyt.com\/cat\/#website\"},\"datePublished\":\"2015-12-16T12:04:28+00:00\",\"dateModified\":\"2020-02-04T12:29:32+00:00\",\"description\":\"Ingelyt el formem professionals amb una gran qualificaci\u00f3 i experi\u00e8ncia en Contacte per a la enginyeria e instal\u00b7laci\u00f3 de sales blanques i consultoria farmac\u00e8utica\",\"breadcrumb\":{\"@id\":\"http:\/\/ingelyt.com\/cat\/contacte\/#breadcrumb\"},\"inLanguage\":\"ca\",\"potentialAction\":[{\"@type\":\"ReadAction\",\"target\":[\"http:\/\/ingelyt.com\/cat\/contacte\/\"]}]},{\"@type\":\"BreadcrumbList\",\"@id\":\"http:\/\/ingelyt.com\/cat\/contacte\/#breadcrumb\",\"itemListElement\":[{\"@type\":\"ListItem\",\"position\":1,\"name\":\"Inici\",\"item\":\"https:\/\/ingelyt.com\/cat\/\"},{\"@type\":\"ListItem\",\"position\":2,\"name\":\"Contacte\"}]},{\"@type\":\"WebSite\",\"@id\":\"https:\/\/ingelyt.com\/cat\/#website\",\"url\":\"https:\/\/ingelyt.com\/cat\/\",\"name\":\"Enginyeria de sales blanques - Consultoria Farmac\u00e8utica - Ingelyt\",\"description\":\"Otro sitio m\u00e1s de Ingelyt\",\"potentialAction\":[{\"@type\":\"SearchAction\",\"target\":{\"@type\":\"EntryPoint\",\"urlTemplate\":\"https:\/\/ingelyt.com\/cat\/?s={search_term_string}\"},\"query-input\":{\"@type\":\"PropertyValueSpecification\",\"valueRequired\":true,\"valueName\":\"search_term_string\"}}],\"inLanguage\":\"ca\"}]}<\/script>\n<!-- \/ Yoast SEO plugin. -->","yoast_head_json":{"title":"Contacte - Enginyeria de sales blanques - Enginyeria de sales blanques - Consultoria Farmac\u00e8utica - Ingelyt","description":"Ingelyt el formem professionals amb una gran qualificaci\u00f3 i experi\u00e8ncia en Contacte per a la enginyeria e instal\u00b7laci\u00f3 de sales blanques i consultoria farmac\u00e8utica","robots":{"index":"index","follow":"follow","max-snippet":"max-snippet:-1","max-image-preview":"max-image-preview:large","max-video-preview":"max-video-preview:-1"},"canonical":"http:\/\/ingelyt.com\/cat\/contacte\/","og_locale":"ca_ES","og_type":"article","og_title":"Contacte - Enginyeria de sales blanques - Enginyeria de sales blanques - Consultoria Farmac\u00e8utica - Ingelyt","og_description":"Ingelyt el formem professionals amb una gran qualificaci\u00f3 i experi\u00e8ncia en Contacte per a la enginyeria e instal\u00b7laci\u00f3 de sales blanques i consultoria farmac\u00e8utica","og_url":"http:\/\/ingelyt.com\/cat\/contacte\/","og_site_name":"Enginyeria de sales blanques - Consultoria Farmac\u00e8utica - Ingelyt","article_modified_time":"2020-02-04T12:29:32+00:00","twitter_card":"summary_large_image","schema":{"@context":"https:\/\/schema.org","@graph":[{"@type":"WebPage","@id":"http:\/\/ingelyt.com\/cat\/contacte\/","url":"http:\/\/ingelyt.com\/cat\/contacte\/","name":"Contacte - Enginyeria de sales blanques - Enginyeria de sales blanques - Consultoria Farmac\u00e8utica - Ingelyt","isPartOf":{"@id":"https:\/\/ingelyt.com\/cat\/#website"},"datePublished":"2015-12-16T12:04:28+00:00","dateModified":"2020-02-04T12:29:32+00:00","description":"Ingelyt el formem professionals amb una gran qualificaci\u00f3 i experi\u00e8ncia en Contacte per a la enginyeria e instal\u00b7laci\u00f3 de sales blanques i consultoria farmac\u00e8utica","breadcrumb":{"@id":"http:\/\/ingelyt.com\/cat\/contacte\/#breadcrumb"},"inLanguage":"ca","potentialAction":[{"@type":"ReadAction","target":["http:\/\/ingelyt.com\/cat\/contacte\/"]}]},{"@type":"BreadcrumbList","@id":"http:\/\/ingelyt.com\/cat\/contacte\/#breadcrumb","itemListElement":[{"@type":"ListItem","position":1,"name":"Inici","item":"https:\/\/ingelyt.com\/cat\/"},{"@type":"ListItem","position":2,"name":"Contacte"}]},{"@type":"WebSite","@id":"https:\/\/ingelyt.com\/cat\/#website","url":"https:\/\/ingelyt.com\/cat\/","name":"Enginyeria de sales blanques - Consultoria Farmac\u00e8utica - Ingelyt","description":"Otro sitio m\u00e1s de Ingelyt","potentialAction":[{"@type":"SearchAction","target":{"@type":"EntryPoint","urlTemplate":"https:\/\/ingelyt.com\/cat\/?s={search_term_string}"},"query-input":{"@type":"PropertyValueSpecification","valueRequired":true,"valueName":"search_term_string"}}],"inLanguage":"ca"}]}},"_links":{"self":[{"href":"http:\/\/ingelyt.com\/cat\/wp-json\/wp\/v2\/pages\/314","targetHints":{"allow":["GET"]}}],"collection":[{"href":"http:\/\/ingelyt.com\/cat\/wp-json\/wp\/v2\/pages"}],"about":[{"href":"http:\/\/ingelyt.com\/cat\/wp-json\/wp\/v2\/types\/page"}],"author":[{"embeddable":true,"href":"http:\/\/ingelyt.com\/cat\/wp-json\/wp\/v2\/users\/1"}],"replies":[{"embeddable":true,"href":"http:\/\/ingelyt.com\/cat\/wp-json\/wp\/v2\/comments?post=314"}],"version-history":[{"count":4,"href":"http:\/\/ingelyt.com\/cat\/wp-json\/wp\/v2\/pages\/314\/revisions"}],"predecessor-version":[{"id":731,"href":"http:\/\/ingelyt.com\/cat\/wp-json\/wp\/v2\/pages\/314\/revisions\/731"}],"wp:attachment":[{"href":"http:\/\/ingelyt.com\/cat\/wp-json\/wp\/v2\/media?parent=314"}],"curies":[{"name":"wp","href":"https:\/\/api.w.org\/{rel}","templated":true}]}}